{"id":140,"date":"2015-10-22T15:32:14","date_gmt":"2015-10-22T15:32:14","guid":{"rendered":"http:\/\/test.kriesi.at\/construction\/?page_id=140"},"modified":"2025-05-02T10:53:32","modified_gmt":"2025-05-02T07:53:32","slug":"ise-alim-yetenek-yonetimi","status":"publish","type":"page","link":"https:\/\/gpdanismanlik.com.tr\/?page_id=140","title":{"rendered":"\u0130\u015fe Al\u0131m &#8211; Yetenek Y\u00f6netimi"},"content":{"rendered":"<div  class='avia-slideshow av-3gmggc-2dd24c7e407e2675bbf4af8c25aec5e9 avia-slideshow-featured_large av_slideshow avia-fade-slider  avia-builder-el-0  el_before_av_one_full  avia-builder-el-first  av-slideshow-ui av-control-hidden av-no-slider-navigation av-hide-nav-arrows av-slideshow-autoplay av-loop-endless av-loop-manual-endless av-default-height-applied avia-slideshow-1' data-slideshow-options=\"{&quot;animation&quot;:&quot;fade&quot;,&quot;autoplay&quot;:true,&quot;loop_autoplay&quot;:&quot;endless&quot;,&quot;interval&quot;:5,&quot;loop_manual&quot;:&quot;manual-endless&quot;,&quot;autoplay_stopper&quot;:false,&quot;noNavigation&quot;:true,&quot;bg_slider&quot;:false,&quot;keep_padding&quot;:false,&quot;hoverpause&quot;:false,&quot;show_slide_delay&quot;:0}\"  itemprop=\"image\" itemscope=\"itemscope\" itemtype=\"https:\/\/schema.org\/ImageObject\" ><ul class='avia-slideshow-inner ' style='padding-bottom: 37.988165680473%;'><li  class='avia-slideshow-slide av-3gmggc-2dd24c7e407e2675bbf4af8c25aec5e9__0  av-single-slide slide-1 slide-odd'><div data-rel='slideshow-1' class='avia-slide-wrap '   ><img decoding=\"async\" fetchpriority=\"high\" class=\"wp-image-314 avia-img-lazy-loading-not-314\"  src=\"https:\/\/gpdanismanlik.com.tr\/wp-content\/uploads\/2025\/04\/ise-alim-yetenek-yonetimi-1.webp\" width=\"845\" height=\"321\" title='i\u015fe al\u0131m, yetenek y\u00f6netimi' alt='i\u015fe al\u0131m, yetenek y\u00f6netimi'  itemprop=\"thumbnailUrl\" srcset=\"https:\/\/gpdanismanlik.com.tr\/wp-content\/uploads\/2025\/04\/ise-alim-yetenek-yonetimi-1.webp 845w, https:\/\/gpdanismanlik.com.tr\/wp-content\/uploads\/2025\/04\/ise-alim-yetenek-yonetimi-1-300x114.webp 300w, https:\/\/gpdanismanlik.com.tr\/wp-content\/uploads\/2025\/04\/ise-alim-yetenek-yonetimi-1-768x292.webp 768w, https:\/\/gpdanismanlik.com.tr\/wp-content\/uploads\/2025\/04\/ise-alim-yetenek-yonetimi-1-705x268.webp 705w\" sizes=\"(max-width: 845px) 100vw, 845px\" \/><\/div><\/li><\/ul><\/div>\n\n<style type=\"text\/css\" data-created_by=\"avia_inline_auto\" id=\"style-css-av-2vrmd0-167465b5c74d9dc693fa29dbbdbd328f\">\n#top .flex_column.av-2vrmd0-167465b5c74d9dc693fa29dbbdbd328f{\nmargin-top:0px;\nmargin-bottom:0px;\n}\n.flex_column.av-2vrmd0-167465b5c74d9dc693fa29dbbdbd328f{\nborder-radius:0px 0px 0px 0px;\npadding:0px 0px 0px 0px;\n}\n.responsive #top #wrap_all .flex_column.av-2vrmd0-167465b5c74d9dc693fa29dbbdbd328f{\nmargin-top:0px;\nmargin-bottom:0px;\n}\n<\/style>\n<div  class='flex_column av-2vrmd0-167465b5c74d9dc693fa29dbbdbd328f av_one_full  avia-builder-el-1  el_after_av_slideshow  avia-builder-el-last  first flex_column_div av-animated-generic bottom-to-top av-zero-column-padding  '     ><p>\n<style type=\"text\/css\" data-created_by=\"avia_inline_auto\" id=\"style-css-av-2s9i8k-35e564b1d776424248fee8dd3cf968ca\">\n#top .av-special-heading.av-2s9i8k-35e564b1d776424248fee8dd3cf968ca{\npadding-bottom:0;\n}\nbody .av-special-heading.av-2s9i8k-35e564b1d776424248fee8dd3cf968ca .av-special-heading-tag .heading-char{\nfont-size:25px;\n}\n.av-special-heading.av-2s9i8k-35e564b1d776424248fee8dd3cf968ca .av-subheading{\nfont-size:15px;\n}\n<\/style>\n<div  class='av-special-heading av-2s9i8k-35e564b1d776424248fee8dd3cf968ca av-special-heading-h1  avia-builder-el-2  el_before_av_hr  avia-builder-el-first '><h1 class='av-special-heading-tag '  itemprop=\"headline\"  >\u0130\u015fe Al\u0131m &#8211; Yetenek Y\u00f6netimi<\/h1><div class=\"special-heading-border\"><div class=\"special-heading-inner-border\"><\/div><\/div><\/div><br \/>\n\n<style type=\"text\/css\" data-created_by=\"avia_inline_auto\" id=\"style-css-av-2jckzw-3de3ea726a90263c2bc49e8721354001\">\n#top .hr.av-2jckzw-3de3ea726a90263c2bc49e8721354001{\nmargin-top:10px;\nmargin-bottom:10px;\n}\n.hr.av-2jckzw-3de3ea726a90263c2bc49e8721354001 .hr-inner{\nwidth:50px;\nborder-color:#efbb20;\n}\n<\/style>\n<div  class='hr av-2jckzw-3de3ea726a90263c2bc49e8721354001 hr-custom  avia-builder-el-3  el_after_av_heading  el_before_av_textblock  hr-left hr-icon-no'><span class='hr-inner inner-border-av-border-fat'><span class=\"hr-inner-style\"><\/span><\/span><\/div><br \/>\n<section  class='av_textblock_section av-1js28c-25e663d2f66e940fc008ba17af2ee97e '   itemscope=\"itemscope\" itemtype=\"https:\/\/schema.org\/CreativeWork\" ><div class='avia_textblock'  itemprop=\"text\" ><p>\u0130\u015f d\u00fcnyas\u0131n\u0131n h\u0131zl\u0131 de\u011fi\u015fmesiyle birlikte insan kaynaklar\u0131 dan\u0131\u015fmanl\u0131k firmas\u0131 i\u00e7in &#8220;i\u015fe al\u0131m &amp; yetenek y\u00f6netimi&#8221; s\u00fcre\u00e7leri sadece bo\u015f pozisyonlar\u0131 doldurman\u0131n \u00f6tesinden ge\u00e7iyor. Do\u011fru yetenekleri \u00e7ekmek, geli\u015fim sa\u011flamak ve elde tutmak, s\u00fcrd\u00fcr\u00fclebilir b\u00fcy\u00fcme i\u00e7in olduk\u00e7a \u00f6nemlidir.<\/p>\n<h2>Stratejik \u0130\u015fe Al\u0131m Yakla\u015f\u0131m\u0131<\/h2>\n<p>Profesyonel i\u015fe al\u0131m s\u00fcre\u00e7leri, \u015firketin hedefleri do\u011frultusunda net bir yetkinlik haritas\u0131 \u00e7\u0131karmakla ba\u015flar. GP dan\u0131\u015fmanl\u0131k firmas\u0131 olarak, sekt\u00f6rlerin ihtiya\u00e7lar\u0131na y\u00f6nelik tespit etti\u011fimiz verilere g\u00f6re aday havuzunu daralt\u0131yor, yapay zeka destekli tarama ara\u00e7alar\u0131yla beraber CV elemesini h\u0131zland\u0131r\u0131yoruz. Bu sayede i\u015fe al\u0131m s\u00fcresini %40&#8217;a varan oranda k\u0131salt\u0131rken, pozisyona uygun oran\u0131n\u0131 belirgin bir \u015fekilde y\u00fckseltiyoruz.<\/p>\n<h3>Yetenek Y\u00f6netiminde Analitik G\u00fc\u00e7<\/h3>\n<p>Yetenek y\u00f6netimi, i\u015fe al\u0131m\u0131n hemen sonras\u0131nda ba\u015flayan ve \u00e7al\u0131\u015fan\u0131n ya\u015fam d\u00f6ng\u00fcs\u00fcn\u00fc tamamen kapsayan bir yolculuktur. KPI odakl\u0131 performans sitemlerimiz ile birlikte \u00e7al\u0131\u015flanlar\u0131n g\u00fc\u00e7l\u00fc yanlar\u0131n\u0131 veriler ile g\u00f6r\u00fcn\u00fcr k\u0131lmaktad\u0131r. Kariyer haritalar\u0131 ve hedefe y\u00f6nelik geli\u015fim planlar\u0131 sayesinde hem potansiyel hem de performans boyutunda net bir resim elde edilmesi m\u00fcmk\u00fcnd\u00fcr. Bu yakla\u015f\u0131mla birlikte y\u00fcksek potansiyele sahip \u00e7al\u0131\u015fanlar\u0131 do\u011fru pozisyonlarda konumland\u0131r\u0131labilir ve b\u00f6ylece d\u00fc\u015f\u00fck performans riskini minimuma indirmeye yard\u0131mc\u0131 olur.<\/p>\n<h3>\u00c7al\u0131\u015fan Deneyimi ve Ba\u011fl\u0131l\u0131k<\/h3>\n<p>Yetenek y\u00f6netiminde \u00e7al\u0131\u015fan deneyimi olduk\u00e7a \u00f6nemlidir. Mentorluk programlar\u0131 ile birlikte \u00e7apraz rotasyonlar ve esnek \u00e7al\u0131\u015fma modelleri ile beraber \u00e7al\u0131\u015fan ba\u011fl\u0131l\u0131\u011f\u0131n\u0131 %25&#8217;e kadar art\u0131rmaktad\u0131r. Sosyal yan hak paketleri ile birlikte kuruma kar\u015f\u0131 aidiyeti g\u00fc\u00e7lendirerek, firman\u0131n markas\u0131n\u0131 da g\u00fc\u00e7lendiriyoruz.<\/p>\n<h3>Dan\u0131\u015fmanl\u0131kla Gelen Rekabet Avantaj\u0131<\/h3>\n<p>Dan\u0131\u015fmanl\u0131k firmas\u0131 ile \u00e7al\u0131\u015farak, i\u015fletmelere d\u0131\u015far\u0131dan gelen tarafs\u0131z bak\u0131\u015f a\u00e7\u0131s\u0131 ve \u00f6l\u00e7eklenebilir kaynak sunulmaktad\u0131r. G\u00fcncel yasal mevzuatlara uygun, i\u015fe al\u0131m ve yetenek y\u00f6netimi ad\u0131mlar\u0131n\u0131n her a\u015famas\u0131nda uyarlanabilir programlarla desteklenmektedir.<\/p>\n<h3>Dijital D\u00f6n\u00fc\u015f\u00fcm<\/h3>\n<p>Son d\u00f6nemde hibrit modellere ge\u00e7i\u015f sa\u011flanmas\u0131 ile birlikte bulut tabanl\u0131 insan kaynaklar\u0131 platformlar\u0131n\u0131n da \u00f6nemi artm\u0131\u015ft\u0131r. Aday izleme sitemleriyle beraber entegre chatbot&#8217;lar\u0131m\u0131z, adaylarla 7\/24 etkile\u015fim sa\u011flayarak ilk m\u00fclakat sorular\u0131n\u0131 otomatik olarak yan\u0131tl\u0131yoruz. Bu otomasyonlar sayesinde i\u015fe al\u0131m uzmanlar\u0131n\u0131n stratejik planlamay\u0131 de\u011ferlendirmesini daha fazla zaman ay\u0131rmas\u0131na yard\u0131mc\u0131 oluyor. Ayn\u0131 zamanda veri tabanl\u0131 i\u00e7g\u00f6r\u00fcler, yetenek y\u00f6netimi kararlar\u0131n\u0131 rakamsal do\u011frulu\u011fa do\u011fru ta\u015f\u0131yor.<\/p>\n<\/div><\/section><\/p><\/div>\n","protected":false},"excerpt":{"rendered":"","protected":false},"author":1,"featured_media":0,"parent":25,"menu_order":0,"comment_status":"closed","ping_status":"closed","template":"","meta":{"footnotes":""},"class_list":["post-140","page","type-page","status-publish","hentry"],"_links":{"self":[{"href":"https:\/\/gpdanismanlik.com.tr\/index.php?rest_route=\/wp\/v2\/pages\/140","targetHints":{"allow":["GET"]}}],"collection":[{"href":"https:\/\/gpdanismanlik.com.tr\/index.php?rest_route=\/wp\/v2\/pages"}],"about":[{"href":"https:\/\/gpdanismanlik.com.tr\/index.php?rest_route=\/wp\/v2\/types\/page"}],"author":[{"embeddable":true,"href":"https:\/\/gpdanismanlik.com.tr\/index.php?rest_route=\/wp\/v2\/users\/1"}],"replies":[{"embeddable":true,"href":"https:\/\/gpdanismanlik.com.tr\/index.php?rest_route=%2Fwp%2Fv2%2Fcomments&post=140"}],"version-history":[{"count":4,"href":"https:\/\/gpdanismanlik.com.tr\/index.php?rest_route=\/wp\/v2\/pages\/140\/revisions"}],"predecessor-version":[{"id":462,"href":"https:\/\/gpdanismanlik.com.tr\/index.php?rest_route=\/wp\/v2\/pages\/140\/revisions\/462"}],"up":[{"embeddable":true,"href":"https:\/\/gpdanismanlik.com.tr\/index.php?rest_route=\/wp\/v2\/pages\/25"}],"wp:attachment":[{"href":"https:\/\/gpdanismanlik.com.tr\/index.php?rest_route=%2Fwp%2Fv2%2Fmedia&parent=140"}],"curies":[{"name":"wp","href":"https:\/\/api.w.org\/{rel}","templated":true}]}}